{"id":2943,"date":"2022-04-05T14:38:39","date_gmt":"2022-04-05T14:38:39","guid":{"rendered":"https:\/\/i-lacarta.com\/tienda-astarte\/?post_type=product&#038;p=2943"},"modified":"2022-04-18T09:59:59","modified_gmt":"2022-04-18T09:59:59","slug":"brazalete-oro-24k","status":"publish","type":"product","link":"https:\/\/i-lacarta.com\/tienda-astarte\/producto\/brazalete-oro-24k\/","title":{"rendered":"BRAZALETE ORO 24K"},"content":{"rendered":"<p>Este elegante brazalete de Swarovski incorpora un ba\u00f1o en tono oro rosa y cristales blancos que se complementan a la perfecci\u00f3n. Con un s\u00edmbolo del infinito, brilla como las primeras estrellas del cielo al anochecer. Una cadena con ba\u00f1o en tono oro rosa y un cristal sencillo a la par que elegante completan el dise\u00f1o. Un regalo ideal para una ocasi\u00f3n especial, ya sea para ti o para un ser querido.<\/p>\n","protected":false},"excerpt":{"rendered":"<p>Barazalete oro de 24 kilates<\/p>\n","protected":false},"featured_media":1310,"comment_status":"open","ping_status":"closed","template":"","meta":{"site-sidebar-layout":"default","site-content-layout":"default","ast-main-header-display":"","ast-hfb-above-header-display":"","ast-hfb-below-header-display":"","ast-hfb-mobile-header-display":"","site-post-title":"","ast-breadcrumbs-content":"","ast-featured-img":"","footer-sml-layout":"","theme-transparent-header-meta":"default","adv-header-id-meta":"","stick-header-meta":"","header-above-stick-meta":"","header-main-stick-meta":"","header-below-stick-meta":""},"product_cat":[287],"product_tag":[],"class_list":["post-2943","product","type-product","status-publish","has-post-thumbnail","hentry","product_cat-287"],"_links":{"self":[{"href":"https:\/\/i-lacarta.com\/tienda-astarte\/wp-json\/wp\/v2\/product\/2943","targetHints":{"allow":["GET"]}}],"collection":[{"href":"https:\/\/i-lacarta.com\/tienda-astarte\/wp-json\/wp\/v2\/product"}],"about":[{"href":"https:\/\/i-lacarta.com\/tienda-astarte\/wp-json\/wp\/v2\/types\/product"}],"replies":[{"embeddable":true,"href":"https:\/\/i-lacarta.com\/tienda-astarte\/wp-json\/wp\/v2\/comments?post=2943"}],"version-history":[{"count":2,"href":"https:\/\/i-lacarta.com\/tienda-astarte\/wp-json\/wp\/v2\/product\/2943\/revisions"}],"predecessor-version":[{"id":2945,"href":"https:\/\/i-lacarta.com\/tienda-astarte\/wp-json\/wp\/v2\/product\/2943\/revisions\/2945"}],"wp:featuredmedia":[{"embeddable":true,"href":"https:\/\/i-lacarta.com\/tienda-astarte\/wp-json\/wp\/v2\/media\/1310"}],"wp:attachment":[{"href":"https:\/\/i-lacarta.com\/tienda-astarte\/wp-json\/wp\/v2\/media?parent=2943"}],"wp:term":[{"taxonomy":"product_cat","embeddable":true,"href":"https:\/\/i-lacarta.com\/tienda-astarte\/wp-json\/wp\/v2\/product_cat?post=2943"},{"taxonomy":"product_tag","embeddable":true,"href":"https:\/\/i-lacarta.com\/tienda-astarte\/wp-json\/wp\/v2\/product_tag?post=2943"}],"curies":[{"name":"wp","href":"https:\/\/api.w.org\/{rel}","templated":true}]}}